. What is the remainder when b is divided by (12/14)/(t/21)?
0
Suppose -a - 4*r - 160 = 0, 4*a + 4*r + 585 = -r. What is the remainder when 76*1*(-1)/(-2) is divided by (a/(-84))/(1/6)?
8
Suppose 0 = 25*y + 5*y - 540. What is the remainder when 125 is divided by y?
17
Suppose -3*o = 2*r - 80, -4*r + 5*o = 2*o - 178. Suppose r = 5*s - 27. What is the remainder when 55 is divided by s?
13
Suppose 1094 = -8*m + 12*m + 2*p, -2*m + 538 = -2*p. What is the remainder when m is divided by 14?
6
Let d = 19 + -6. Suppose -5*h = -10*h. Let v(c) = -c**3 - 2*c**2 + c + 24. What is the remainder when v(h) is divided by d?
11
Let b be 6/33 + (-80)/(-44). Let w be 14/b + (4 - 3). Suppose -7 + w = q. What is the remainder when q is divided by 1?
0
Suppose -3*u = -b + 74, 2*b - 3*b - 4*u = -60. Let x = b + -45. Calculate the remainder when 90 is divided by x.
21
Let d = 601 - 582. Calculate the remainder when 199 is divided by d.
9
Suppose -32*j + 37*j = f + 5, f - 4*j = -1. Suppose 3*h - 312 = u - 0*u, 0 = 2*h + u - 203. What is the remainder when h is divided by f?
13
Suppose 34*u - 2592 = 2*u. Calculate the remainder when u is divided by 29.
23
Let k = -1522 + 1532. Calculate the remainder when 264 is divided by k.
4
Suppose -17 - 10 = -w. Let t(u) = 77*u + 2. Let b be (-4 - -7)/(1 + 2). Calculate the remainder when t(b) is divided by w.
25
Let w(d) = -d**2 + d + 22. Let y(v) = v + 6. Let k be y(-7). Let b(r) = 42*r**2 + r + 1. What is the remainder when b(k) is divided by w(0)?
20
Suppose -3*l - 4*m = 7, -2*m - 19 = -l + 2*m. What is the remainder when 37 is divided by (26/l)/(2/3)?
11
Suppose u = -4*y + 5*y - 17, y - 5*u - 25 = 0. Calculate the remainder when y is divided by 4.
3
Let v(c) = -31*c - 54. What is the remainder when v(-3) is divided by 16?
7
Suppose 6*h - 7*h = 0. Suppose h = -3*n - 167 + 731. Calculate the remainder when n is divided by 38.
36
Suppose 0 = 4*w - w - 3. Suppose 2*n + 18 = n - 4*u, 2*n - 5*u - 29 = 0. What is the remainder when w - -2*3/6 is divided by n?
0
Let a be (-4)/18 - 572/18. Let m = a - -36. Suppose -m*j = d - 49, j + 5*d - 36 = -0*j. Calculate the remainder when 19 is divided by j.
8
Suppose 4*z - 34 = 2*z. Let o(r) = 18*r - 24. Let u = -36 - -41. Calculate the remainder when o(u) is divided by z.
15
Suppose -5*z - 16 = -3*k - 850, 160 = z - 4*k. What is the remainder when z is divided by 60?
48
Suppose 3*t - 17 = -0*t + 10. Let w(i) = i**3 - 6*i**2 + 2*i + 1. What is the remainder when w(6) is divided by t?
4
Suppose -y - 3*s = -8, -s + 0 - 1 = 0. Suppose -k = 5*x - 211, 51*x - 4*k = 53*x - 70. Calculate the remainder when x is divided by y.
10
Let b(w) = w**2 - 12*w - 30. What is the remainder when b(20) is divided by 37?
19
Let o = 30 - 27. Suppose -4*d + 3*p = -69, p = 2*d + o*p - 52. What is the remainder when 103 is divided by d?
19
Let q = -105 - -141. What is the remainder when 264 is divided by q?
12
Let z(d) = -11 - 5*d + 3*d - 4*d. Suppose -2*r = -4*r + 108. What is the remainder when r is divided by z(-3)?
5
Let o(g) = 3*g**2 - 6*g + 6. What is the remainder when 87 is divided by o(4)?
27
Suppose -2*p - 3*y = -72, 3*p - 2*y - 108 = 2*y. What is the remainder when 80 is divided by p?
8
Let j be 2/6*(5 - 8) + 9. Suppose 0 = 6*g + j - 152. What is the remainder when g is divided by 4?
0
Suppose 4*n - 916 = -4*t, -923 - 222 = -5*n + t. Calculate the remainder when n is divided by 23.
22
Suppose -w = -t + w + 43, 3*t + 3*w - 120 = 0. Suppose 49 = 10*p - t. Calculate the remainder when 34 is divided by p.
7
Let z = 8 - -3. Suppose 0 = 4*m + 39 - 299. Calculate the remainder when m is divided by z.
10
Let x = -237 - -488. What is the remainder when x is divided by 79?
14
Let q(j) = -j**2 + 10*j + 5. Let y be q(11). Let t = y - -10. Let g(p) = p + 6. What is the remainder when 38 is divided by g(t)?
8
Suppose 4 = -4*x, -3*o = -5*o + 4*x - 40. Let f be 10/(-55) - 48/o. Suppose 12 = 4*r, -90 = -i - 7*r + f*r. What is the remainder when i is divided by 19?
18
Let m = -34 + 31. Let o = m + 13. Calculate the remainder when 16 is divided by o.
6
Suppose -b = -0*b - 5. Suppose 0 = 5*a + b - 20. What is the remainder when (5 - 2)/a + 50 is divided by 26?
25
Let k = -61 + 64. Suppose -58 = -2*h - 5*q, 3*h - k*q - 65 = -5*q. Calculate the remainder when 48 is divided by h.
10
Let c = 547 + -445. What is the remainder when c is divided by 45?
12
Suppose 20 - 32 = 4*l. Calculate the remainder when -6*(-2)/l - -17 is divided by 8.
5
Let u(g) = -g**3 + 76*g**2 + 407*g - 150. Let w(h) = -2*h**3 - h**2 + 34 - 2*h**3 + 5*h**3. Calculate the remainder when w(0) is divided by u(81).
10
Let i(b) = -b**3 - 2*b**2 + 5*b + 4. Let z = 28 - 20. Let d(c) = -2*c + 12. Let j be d(z). What is the remainder when 62 is divided by i(j)?
14
Let i(t) = 17*t**2 + 24*t - 80. Calculate the remainder when i(4) is divided by 10.
8
Let f be 12/8*-2 - 51 - 1. Let j = 91 + f. What is the remainder when j is divided by 8?
4
Suppose -2*r = -4*g + 10, 0 = 3*r + g - 19 + 6. Let d = 25 + -14. Suppose 7*q + 32 = d*q. Calculate the remainder when q is divided by r.
2
Let p be -8*18/15*15/24. What is the remainder when 98 is divided by (1/p*-20)/(14/105)?
23
Let y be (-1 - 2)*-1 - 1. Suppose y*r - r = 2. What is the remainder when 4/(-6)*(-69)/r is divided by 8?
7
Suppose -2*b = -3*y - 245, 5*b - y - 606 = -0*y. Let o = b - 64. Suppose -4*l + 12 = -48. What is the remainder when o is divided by l?
12
Let y(u) be the first derivative of -u**3/3 - 3*u**2 + 10*u - 3. Let w be y(-8). What is the remainder when (-14)/21 + (-214)/w is divided by 19?
16
Let a = 2 + 2. Suppose 0 = -4*n - a*f - f + 312, f + 69 = n. Calculate the remainder when n is divided by 19.
16
Suppose 0 = 20*z - 32*z + 4104. What is the remainder when z is divided by 66?
12
Suppose -3*u + 6 = -u. Suppose -5*w + 585 = g, g + 328 = u*w - 3*g. Suppose -p - w = -5*z, 4*z - p - 90 = -3*p. What is the remainder when 66 is divided by z?
20
Let t(z) = z**2 - 5*z - 1. Let i be t(6). What is the remainder when (32 + -1)/(i + -4) is divided by 232/32 - 3*(-3)/12?
7
Suppose 737 = 11*q - 605. What is the remainder when q is divided by 21?
17
Suppose 0 = -g + 32 + 6. Suppose 7*z = 11*z - 52. Let x(t) = t**3 - 11*t**2 - 15*t + 8. What is the remainder when x(z) is divided by g?
37
Let r(n) = -n**2 - 7*n - 10. Let u be r(-4). Let d be u/3 + (-230)/(-15). What is the remainder when 11 is divided by ((-6)/(-8))/(2/d)?
5
Let t(z) = -8*z**2 + 5*z + 7. Let r(j) = j + 1. Let a(i) = 4*r(i) - t(i). Calculate the remainder when (-6)/4*138/(-9) is divided by a(-1).
5
Let q(i) = -2*i**3 - i**2 + 21*i - 1. Let t(l) = l**3 - 10*l + 1. Let u(g) = -4*q(g) - 7*t(g). Calculate the remainder when u(-6) is divided by 8.
1
Let m(l) = -l**2 + 2*l + 8. Let n be m(6). Suppose -3*j = -f + 56, 2*f = -5*j + 123 + 33. Calculate the remainder when f is divided by 45/2 - 8/n.
22
Suppose 4*u - 2*u = -10. Let j(p) = -17*p - 2. Let m be j(u). Suppose -181 - m = -6*i. Calculate the remainder when i is divided by 15.
14
Let h be (24/(-9))/1*(-36)/24. Let n(v) = 5*v - 3. Calculate the remainder when 46 is divided by n(h).
12
Let o = 15 + -9. Calculate the remainder when 28/(-21)*54/(-8) is divided by o.
3
Let l(c) = -10*c - 105. What is the remainder when l(-13) is divided by 3/(2/84*9)?
11
Let u(l) = -l**3 + 11*l**2 - 13*l + 31. Suppose 0 = -3*x + q + 3, 3*x + x = -2*q + 4. Calculate the remainder when u(10) is divided by x.
0
Suppose -2*r + 7 = p, 3*r = -5*p + 2*p + 15. Calculate the remainder when 11 is divided by p.
2
Suppose -45 = -v - 2*c, -53*v + 107 = -50*v + 2*c. Let u = -134 - -190. Calculate the remainder when u is divided by v.
25
Let b = 75 - 56. Let j(d) = 11*d**2 - 7*d**2 + d**3 + 3 - 3*d + 5*d. Calculate the remainder when b is divided by j(-3).
1
What is the remainder when (1*120)/(42/(-4)*(-24)/168) is divided by 46/8*(-3 + 7)?
11
Suppose -13 + 1 = 2*w. Let d = 35 - 17. Calculate the remainder when w*(36/(-8) + -1) is divided by d.
15
Let j be (-324)/(-78) + (-6)/39. Suppose 3*i - 227 = -4*m, 4*m + 5*i - 217 = j*i. Calculate the remainder when m is divided by -5*(23/(-5) - -1).
17
Suppose -10*r = -12*r + 16. Suppose -875 = -r*z + z. Suppose -3*f - 3*d + z + 52 = 0, 0 = 2*f + d - 114. Calculate the remainder when f is divided by